hen 187 is divided by -15*(-2 - 3) + -13.
1
Suppose 90 = 6*t - 576. Let r = -8603 + 8631. Calculate the remainder when t is divided by r.
27
Calculate the remainder when (-5)/30 + 37960/240 is divided by 48.
14
Let j(h) = -7*h - 16. Let f(q) = -q**3 + 6*q**2 + 7*q. Let s be f(7). Suppose s = -11*z + 75 + 46. Calculate the remainder when z is divided by j(-3).
1
Suppose -15*n - 72 = -2*q - 19*n, 0 = -5*q - 5*n + 155. Calculate the remainder when 66 is divided by q.
14
Let f be (-16)/(-6)*-1*10716/304. Let o = -53 - f. Calculate the remainder when 74 is divided by o.
33
Suppose -5*s - i + 0*i + 60 = 0, -2*s + 2*i = -24. Suppose -n - 7 = -l, -n - 5 = -l - l. Let c = s + n. Calculate the remainder when 9 is divided by c.
0
Let h(d) = -2*d**3 + 71*d**2 - 32*d - 101. Let s = 138 - 90. Let o = s + -22. What is the remainder when o is divided by h(35)?
2
Calculate the remainder when 181 is divided by 96 - 10*(2 - 3)*18/(-36).
90
Suppose -17*q + 651 = -20*q. Let m = q - -234. What is the remainder when 131 is divided by m?
12
Suppose 0 = -2*h + i + 76, -h + 5*i + 2895 = 2857. Let l = -370 - -597. Calculate the remainder when l is divided by h.
37
Suppose -1 = -3*i - 10. Let r(m) = -m**3 - 9*m**2 + 12*m + 11. Let x(f) = f. Let k(l) = i*x(l) - r(l). What is the remainder when 231 is divided by k(-10)?
36
Let w(g) be the first derivative of -g**3/3 + 13*g**2/2 - 3*g - 71. What is the remainder when 132 is divided by w(10)?
24
Suppose 2*u - 226 = -4*q - 0*q, -u + 2*q + 129 = 0. Let k = 404 + -362. Calculate the remainder when u is divided by k.
37
Suppose 0 = -2*r + 20*r + 2164 - 9796. Calculate the remainder when r is divided by 11.
6
Suppose -5*y = -23*y - 2*y + 12140. Calculate the remainder when y is divided by 169.
100
Let q be (-25)/10*6/(-5). Suppose -6*c + 18 = -q*c. Let m(g) = 6*g - 10. Calculate the remainder when 76 is divided by m(c).
24
What is the remainder when (-1698 - (1 + -4 + 8))/(-1) is divided by 1703?
0
What is the remainder when 1750 is divided by (210/63)/(10/54)?
4
Suppose -5*w + 1033 = -267. Suppose 110*k - w = 84*k. Calculate the remainder when 718 is divided by k.
8
Let r = 62 + -1. Calculate the remainder when 282 is divided by (r - 4) + 2 - 2.
54
What is the remainder when 2253 is divided by ((245/2)/(-5))/((-59)/118)?
48
Suppose -15*u - 7447 = -10297. What is the remainder when u is divided by 105?
85
Let i be (5 + -14)*((-1)/3)/1. Suppose i*j - 15*j = -204. Calculate the remainder when 98 is divided by j.
13
Let i be (-1 + -72 - -1) + 3. Let k = i + 115. Let n = 65 - 48. Calculate the remainder when k is divided by n.
12
Let c(x) = -x**3 - x**2 + 4*x + 845. Let q be c(0). Suppose -8*v + q = 5*v. What is the remainder when 323 is divided by v?
63
Suppose -5*y + 2 + 18 + 20 = 0. Calculate the remainder when 410 is divided by y.
2
Suppose -12 = -2*z + 16. Suppose 8*f + 318 = z*f. Calculate the remainder when f is divided by 17.
2
What is the remainder when 662 is divided by (-55)/(-22)*8064/90?
214
Suppose 201 = 5*r + 131. Let b(d) = 5*d**2 - 7*d + 4. Let h be b(4). Calculate the remainder when 49/4 - r/h is divided by 3.
0
Let x(l) = l**2 + 5*l - 46. What is the remainder when 1003 is divided by x(-13)?
17
Suppose -3 = 7*f - 8*f. Let t be 2 - (5 - 4) - (1 - f). Suppose -t*h = -5*s + 452, s + s - 187 = -5*h. Calculate the remainder when s is divided by 24.
19
Suppose -11*w = -9*w - 84. Let i = 2406 + -2398. What is the remainder when w is divided by i?
2
Suppose 183*k = 176*k + 546. What is the remainder when 300 is divided by k?
66
Let c = -98 - -193. Suppose 187 = 2*p + 5*u, -c + 4 = -p - 5*u. Calculate the remainder when p is divided by 28.
12
Let l be (1 - (-3)/(-2))*(75 + -301). Let b = -290 + 453. Let w = b - l. Calculate the remainder when w is divided by 17.
16
Suppose 3*g - 132 = 6*g. Suppose 56 + 70 = -3*j. Let x = j - g. What is the remainder when 13 is divided by x?
1
Let n be (-3)/(-5) - 248/(-20). Suppose -125 = -3*i + n. Calculate the remainder when i is divided by (6 - 9)*4/(-1).
10
Let a(d) = -2*d**2 + 17*d - 5. Let x be a(9). Suppose 10 = v + 6. Calculate the remainder when x/((v - 3) + -3) is divided by 3.
1
What is the remainder when (-2 - -11) + (-12 + -20768)/(-10) is divided by 4?
3
Suppose 0 = -33*r + 36*r - 3*i - 30, -4*r + 82 = 3*i. Calculate the remainder when 1135 is divided by r.
15
Suppose 14*y - 9*y = 5*g + 58530, -4*y + 46836 = -g. Calculate the remainder when y is divided by 17.
14
What is the remainder when (-19 - -103)*125/10 is divided by 238?
98
Let o(c) = 75*c - 736. What is the remainder when (-434)/(-8) - 2/8 is divided by o(10)?
12
Let f(x) = 10*x**2 + 18*x + 911. Calculate the remainder when f(0) is divided by 86.
51
Let d(v) = -3*v**3 - 71*v**2 - 120*v - 50. Calculate the remainder when d(-22) is divided by 93.
77
Let p(t) = 9*t + 31. Let n be p(-3). Suppose -72 = -2*v - 5*g, v - 18 = -n*g + 21. Calculate the remainder when 246 is divided by v.
29
Let h(j) = -j**3 + 9*j**2 + 2*j + 6. Suppose 0 = -23*p + 14*p + 900. Suppose 4 - p = -4*d. Calculate the remainder when h(7) is divided by d.
22
Suppose -5*b + 10*b - 220 = -5*g, -5*g + 228 = b. Let r = -33 + 72. What is the remainder when g is divided by r?
7
Let s be 75 + (-5)/((-30)/(-9))*2. Let w = 43 - 36. Suppose -w*j + s = j. What is the remainder when 21 is divided by j?
3
Suppose 0 - 60 = -3*w. Let u = w - 3. Calculate the remainder when (-87)/4*(-16)/(-36)*-6 is divided by u.
7
Calculate the remainder when ((-45)/(-12))/((-30)/(-30040)) is divided by 12.
11
Suppose 9*w - 26448 - 198400 = -95*w. What is the remainder when w is divided by 103?
102
Suppose 2*p - 1278 - 424 = -4*f, f + 2*p = 418. What is the remainder when 869 is divided by f?
13
Let g(k) = -k**3 + 27*k**2 - 51*k + 67. What is the remainder when 97 is divided by g(25)?
13
Calculate the remainder when 183 is divided by (-1*(19 - 8) + -114)/((-3)/3).
58
Suppose -6*r + 36 = -0*r. Let l(a) = a + 8. What is the remainder when ((-20)/40)/(2/(-164)) is divided by l(r)?
13
Let z = -37 + 100. Let s = 76 - z. Suppose -124 = -2*p - 0*p. What is the remainder when p is divided by s?
10
Let x(d) be the third derivative of d**6/120 + d**5/15 - d**4 - 11*d**3/6 - 49*d**2. Calculate the remainder when 158 is divided by x(-7).
8
Let t(k) = -2*k - 12. Suppose 0*o = -3*o - 2*s + 21, s + 21 = 2*o. Suppose 27 - o = -2*a. Calculate the remainder when 47 is divided by t(a).
5
Suppose s - 5*j - 417 = 0, 4*s - 5*s + 416 = -4*j. Calculate the remainder when s/(-20)*(3 - 8) is divided by 18.
13
Let v(y) = 5*y**2 - y - 1. Calculate the remainder when 280 is divided by v(4).
55
Let n = -1112 + 1168. Calculate the remainder when 330 is divided by n.
50
Calculate the remainder when 345036/39 - (-94)/(-1222) is divided by 79.
78
Suppose -k + y = 4, -29 = 2*k - 3*y - 17. Calculate the remainder when 1 - (k + (2 - (-820)/(-5))) is divided by 55.
53
Let g(w) be the second derivative of 7*w**4/12 - 7*w**3/6 + 20*w**2 + w + 46. Calculate the remainder when g(7) is divided by 12.
10
Let q = -191 + 214. Suppose 3 + 1 = 4*d, 3*x - 3*d - 672 = 0. Calculate the remainder when x is divided by q.
18
Suppose -279*a - 2*k = -275*a - 398, -401 = -4*a - k. Calculate the remainder when a is divided by 83.
18
Let g(q) = q**3 - q**2 - 12*q + 8. Let b be g(4). Suppose b*k - 5*h + 65 = 12*k, -3*k + 2*h = -66. Calculate the remainder when 51 is divided by k.
11
Suppose 0 = t + 2*t - 177. What is the remainder when 412/(2/(-20)*-10) is divided by t?
58
Let y(j) = -19*j**3 + 11*j**2 + 4*j - 88. What is the remainder when 2582 is divided by y(-4)?
6
Let j(l) = -l**3 + 54*l**2 - 642*l + 1. Calculate the remainder when 2286 is divided by j(18).
106
Suppose d + 4*q - 97 = 0, -4*d = -d + 3*q - 246. Let g(z) = -1 + 14*z + 13*z + 3 - 29*z. Calculate the remainder when d is divided by g(-7).
13
Suppose -16*o - 418 = -1186. Calculate the remainder when o is divided by 39.
9
Let o be (-6)/(-3)*(3 + -1). Suppose o*r - 7 = -3*d, 3*r + 2*d = 7*d - 2. Suppose -q + 66 = -r. What is the remainder when q is divided by 18?
13
Let z(y) = y**3 - 10*y**2 + 2*y - 17. Let n be z(10). Suppose 15 = n*s - 48. What is the remainder when 25 is divided by s?
4
Let s = -5 + 5. Suppose s = -2*x + 4*y - 4, -8*y + 3*y + 32 = 2*x. Calculate the remainde